 b(a) = a. Let m(i) = -9*i - 5. Let h(g) = 6*b(g) + m(g). List the prime factors of h(j).
2, 5
Let z(u) = -5*u - 22. What are the prime factors of z(-9)?
23
Let t be ((-2)/(-4))/((-3)/108). Let z = t + 47. What are the prime factors of z?
29
Let r(f) be the first derivative of f**4/4 + 7*f**3/3 + 2*f**2 + 3*f + 3. Let z be r(-5). Let w = z + -22. What are the prime factors of w?
11
Suppose -l = -0*l - 2. Suppose 3*i - 74 - 49 = -3*r, -2*i - 198 = -5*r. Suppose l*t = -3*t + r. What are the prime factors of t?
2
Suppose 42 = m - z, z + 3 + 0 = 0. Suppose -2*n + 23 = y, -3*n + m = 3*y - 0*y. What are the prime factors of n?
2, 5
Let r be -1 + 4 + -3 - -18. Let i = r - 9. Suppose -o = -2 - i. What are the prime factors of o?
11
Let c = -7 - -7. Let s = -60 + 116. Suppose -r + 70 = 3*b + 2*b, -4*b + 2*r + s = c. What are the prime factors of b?
2, 7
What are the prime factors of 8/10*(-20)/(-12)*3?
2
Suppose -2*d - 5*d = -196. What are the prime factors of d?
2, 7
Let v = -7 + 5. List the prime factors of ((-20)/(-8))/((-1)/v).
5
Suppose 5*r - 106 = 99. Suppose 2*n - 181 = -r. List the prime factors of 270/14 + (-20)/n.
19
Suppose 2*t + 2*p - 7 = t, 0 = t - 2*p + 9. Let o = t - -46. List the prime factors of o.
3, 5
Suppose 0 = 3*z - 2 - 19. Suppose -h = -z + 3. Suppose -27 = -h*c - 3. List the prime factors of c.
2, 3
Let y(x) = -x + 19. Let n be y(8). Suppose 3*p - 34 = -o + 3*o, -2*p = o - n. List the prime factors of p.
2
Let s(l) = l + 14. Let f be s(0). Suppose -6 = -4*t + f. List the prime factors of t.
5
Let n be (5/(-2) - -3)*54. Let v = n + -18. What are the prime factors of v?
3
Suppose -3*c + 5 = -4. Suppose 2*i - 63 = -3*s, c*s - 98 = -2*s - i. What are the prime factors of s?
19
Suppose -145 = -5*r + 4*r. List the prime factors of r.
5, 29
Let g be 1*(-6)/(4/2). Let b(a) = 2*a**2 + 2*a + 2. List the prime factors of b(g).
2, 7
List the prime factors of (-4)/(-5)*(-175)/(-10).
2, 7
Let k be (-1)/(2*3/(-6)). Let s be 0 + 2 + -1 + k. Suppose 0*t = -s*t + 4. What are the prime factors of t?
2
Suppose 2*f + 96 = 4*f. List the prime factors of f.
2, 3
Let p(u) = -4*u**2 - 64*u + 30. Let r(j) = -j**2 - 21*j + 10. Let g(b) = 2*p(b) - 7*r(b). List the prime factors of g(16).
2, 19
Suppose 3*f - 15 = -0*f. Suppose f*h - 36 = v, 2*v - 33 = -4*h + 7. List the prime factors of h.
2
Suppose -2*t + 5*h + 70 = 3*t, -3*t = -2*h - 44. Suppose -3*g - g = -t. Suppose 6*r - g*r = 28. List the prime factors of r.
2, 7
Suppose -7 = -u - 0*u. Let c = u + -2. Let s = 2 + c. List the prime factors of s.
7
Suppose -3*h = -7*h + 60. List the prime factors of h.
3, 5
Let k be (-46)/(((-2)/(-1))/(-1)). Let i = k - -1. What are the prime factors of 1/3 - i/(-9)?
3
Suppose -4*v = -3*w - 2*v + 290, -494 = -5*w - 2*v. What are the prime factors of w?
2, 7
Let n(c) = -c + 1. Let u be n(-3). Let z = -2 + u. Let k = z + 4. What are the prime factors of k?
2, 3
Let l = -24 + 40. What are the prime factors of l?
2
Suppose 5*d - 4 = 21. What are the prime factors of d?
5
Suppose 5*b - 153 = -4*h - 0*b, -2*h - 2*b + 76 = 0. List the prime factors of h.
37
Let u(s) = s**3 - s**2 + s - 12. Let f be u(0). List the prime factors of 3/f - 123/(-12).
2, 5
Let n = -18 + 50. What are the prime factors of n?
2
Let l = 97 - 52. Suppose 0 = 2*h + h - l. List the prime factors of h.
3, 5
Suppose 0 = -2*f + 1 + 7. Let u be (-1 + (-98)/(-8))*f. Suppose -6*i + u = -3*i. List the prime factors of i.
3, 5
Suppose 5*r = -v + 153, 2*v + r - 261 = -0*v. List the prime factors of v.
2
Let i(d) be the first derivative of 2*d**3/3 + d**2 - 2*d - 5. What are the prime factors of i(-4)?
2, 11
Suppose i = -3*i + 56. What are the prime factors of i?
2, 7
Let l(h) = h**3 - 12*h**2 + 11*h + 16. List the prime factors of l(11).
2
Let a = 2 - 0. Let d = a + 4. List the prime factors of 20/d - 4/(-6).
2
Let h(b) = b**3 - 3*b**2 - 3*b + 1. Let i = -1 + 3. Let f be (-5)/i*(-8)/5. What are the prime factors of h(f)?
5
Let g = 23 + -16. List the prime factors of -4 + 1 + 217/g.
2, 7
Suppose 4*y = y. Suppose y*x - 25 = -5*x. What are the prime factors of x?
5
Let m be 5/(-20)*(1 + -1). Let t be (-47)/7 - 4/14. Let n = m - t. List the prime factors of n.
7
Let n(x) = -x**3 + 3*x**2 + 2*x + 1. Suppose 0 = -4*l + 3*h + 3, -4*l = -7*l + h + 6. Let d be n(l). Suppose -d = -g + 2. What are the prime factors of g?
3
Suppose 2 = 3*h - 7. What are the prime factors of 3 + (-1 - (-1 - h))?
2, 3
Let l = 11 - 8. Suppose 5 + 7 = l*p. List the prime factors of p.
2
Suppose 4*o - 5*y = 0, 4*o - 3*y = 2*o. Suppose o = -2*a + 5*h - 13 - 2, -4*a - 6 = -2*h. List the prime factors of (1 - (a + 2)) + 12.
11
Let l be (3/6)/((-2)/(-8)). Suppose l = 2*d, 3 = -0*k + k - 4*d. What are the prime factors of k?
7
Suppose -s + 5*s = 8. Suppose -s*m + 3*m - 11 = 0. What are the prime factors of m?
11
Let n(r) = -r**3 - r**2 - r + 4. Let q be n(0). Let c(a) = a**3 - 4*a**2 + 4*a + 4. Let b be c(q). Suppose -3*w + b = -16. What are the prime factors of w?
2, 3
Let y(b) = b. Let o(c) = 3*c + 15. Let f(t) = o(t) - 2*y(t). What are the prime factors of f(7)?
2, 11
Let h(l) = -l - 9. Suppose 5*m = -10, -2*i + 0*i + 5*m = 0. Let w(b) = -3*b - 18. Let p(k) = i*h(k) + 2*w(k). List the prime factors of p(7).
2
Let a = -10 + 7. Let g(h) = -h**2 + 11*h - 11. Let d be g(8). Let p = d - a. What are the prime factors of p?
2
Let s(w) = -w**3 + 2*w**2 + 2*w - 2. Let t be s(2). Suppose t*u + 0*u = 8. What are the prime factors of 6/u*(-1 + 9)?
2, 3
Let i(t) = -t + 8. Suppose 2*n - 2*b = -1 + 3, -2*b = n - 10. Let k be i(n). Suppose 0 = 5*s - 3*m - m - 68, 40 = k*s + 4*m. List the prime factors of s.
2, 3
Let d = -12 + 15. Suppose 0 = 4*z + d - 179. What are the prime factors of z?
2, 11
Let f(d) be the second derivative of d**4/12 + d**3/2 - d**2/2 - 3*d. List the prime factors of f(-5).
3
Suppose 0*b = -4*b + 8. Suppose d + 2*n = b*d - 14, 2*d + 8 = -5*n. Suppose 0 = -s + d*s - 15. List the prime factors of s.
3
Suppose 4*u = 2*u + 148. Let a = u - 46. Suppose 0 = 8*l - 4*l - a. What are the prime factors of l?
7
Let w(q) = q**3 - 8*q**2 + 6*q + 10. Let j be w(7). Suppose -2*c = -j*h + 2, -5*h - 4*c = -c - 16. List the prime factors of h.
2
Suppose 0 = -h - h + 6. Suppose z + 4*f = -9, z + 3*f = -z - h. Suppose -6*n - 5*p = -z*n + 10, -30 = -3*n + 3*p. What are the prime factors of n?
5
Let f be 2/(-2) - (0 - 1). List the prime factors of 2 - ((f - 1) + -4).
7
Let i(z) = -z**3 + 13*z**2 - 6*z + 9. List the prime factors of i(12).
3
Let z(m) = -m**2 + 4*m + 1. Let y be z(5). Let p = 24 - y. What are the prime factors of p?
2, 7
Let k(v) = v + 1. Let j be (-1 - -2)*(0 - 3). Let f be k(j). List the prime factors of f/4 - 282/(-12).
23
Suppose -10 - 10 = -5*b. Suppose 2*m + b = 4*w + 7*m, -2*w - 5*m - 8 = 0. What are the prime factors of (-3)/w + 34/4?
2
Let l(k) = -4*k - k - 17 + 10 + 2*k. List the prime factors of l(-11).
2, 13
Suppose -12 + 2 = -5*t. Suppose o + 0 = -4*w - 1, -t*o + 8 = -2*w. What are the prime factors of o?
3
Suppose 5*x - 5*y + 16 = -4, -2*y + 8 = -3*x. Suppose x = b - 0*b - v - 11, -5*b = 2*v - 62. What are the prime factors of b?
2, 3
Let z = -4 + 8. Let i(a) = -a**3 + 3*a**2 + 4*a. Let v be i(z). Let s = v + 16. What are the prime factors of s?
2
Let q(j) = 4*j - 12. What are the prime factors of q(5)?
2
Suppose 0 = 3*d - 4*d. Let b(x) = 6*x**2 - 2*x + 1. Let v be b(1). Let t = v + d. What are the prime factors of t?
5
Let l = 45 + -10. What are the prime factors of l?
5, 7
Suppose -4*z + 2*h = -550, -z - 4*z = 5*h - 650. List the prime factors of z.
3, 5
Let z = -26 - -16. Let t = -5 - z. What are the prime factors of t?
5
Let j be 42/10 + 2/(-10). Suppose k = 4*q - 18 - 7, j*k = -5*q + 5. Let x = -2 - k. What are the prime factors of x?
3
Let o(f) = f - 2. Let r be o(-6). Let n be -2*(-2)/r*-8. Suppose 46 = n*k - 2. List the prime factors of k.
2, 3
Let t(m) be the second derivative of -m**5/20 + m**4/2 - m**3 + m**2 - m. What are the prime factors of t(4)?
2, 5
Suppose 5 = 4*v + 1. What are the prime factors of (-2)/(v/(-3 + 2))?
2
Let i(v) be the second derivative of -v**3/2 + 3*v**2/2 - 2*v. Let h be i(2). What are the prime factors of ((-6)/h)/(2/5)?
5
Suppose n = 56 + 36. Suppose 0 = -4*o - 0*o + n. List the prime factors o